{"id":14141,"date":"2025-10-25T11:16:20","date_gmt":"2025-10-25T09:16:20","guid":{"rendered":"https:\/\/pearlcandles.nl\/?post_type=product&#038;p=14141"},"modified":"2026-02-03T10:24:04","modified_gmt":"2026-02-03T08:24:04","slug":"medium-pearl-candles-jar-black","status":"publish","type":"product","link":"https:\/\/pearlcandles.nl\/de\/produkt\/medium-pearl-candles-jar-black\/","title":{"rendered":"Medium Pearl Kerzenglas | Schwarz"},"content":{"rendered":"","protected":false},"excerpt":{"rendered":"<p>Sch\u00f6ner Glashalter f\u00fcr Wachskerzen oder nat\u00fcrlich f\u00fcr Perlenkerzen! Ideal, um Ihre Perlenkerzen darin zu gie\u00dfen! Auch in bernsteinfarben und transparent erh\u00e4ltlich.<\/p>\n<p>Abmessungen: 8,5 x 8 cm<br \/>\nauch in anderen Gr\u00f6\u00dfen erh\u00e4ltlich!<\/p>","protected":false},"featured_media":14133,"template":"","meta":[],"product_brand":[],"product_cat":[70],"product_tag":[],"class_list":{"0":"post-14141","1":"product","2":"type-product","3":"status-publish","4":"has-post-thumbnail","6":"product_cat-pearl-candles-accessoires","8":"first","9":"instock","10":"taxable","11":"shipping-taxable","12":"purchasable","13":"product-type-simple"},"jetpack_sharing_enabled":true,"_links":{"self":[{"href":"https:\/\/pearlcandles.nl\/de\/wp-json\/wp\/v2\/product\/14141","targetHints":{"allow":["GET"]}}],"collection":[{"href":"https:\/\/pearlcandles.nl\/de\/wp-json\/wp\/v2\/product"}],"about":[{"href":"https:\/\/pearlcandles.nl\/de\/wp-json\/wp\/v2\/types\/product"}],"wp:featuredmedia":[{"embeddable":true,"href":"https:\/\/pearlcandles.nl\/de\/wp-json\/wp\/v2\/media\/14133"}],"wp:attachment":[{"href":"https:\/\/pearlcandles.nl\/de\/wp-json\/wp\/v2\/media?parent=14141"}],"wp:term":[{"taxonomy":"product_brand","embeddable":true,"href":"https:\/\/pearlcandles.nl\/de\/wp-json\/wp\/v2\/product_brand?post=14141"},{"taxonomy":"product_cat","embeddable":true,"href":"https:\/\/pearlcandles.nl\/de\/wp-json\/wp\/v2\/product_cat?post=14141"},{"taxonomy":"product_tag","embeddable":true,"href":"https:\/\/pearlcandles.nl\/de\/wp-json\/wp\/v2\/product_tag?post=14141"}],"curies":[{"name":"wp","href":"https:\/\/api.w.org\/{rel}","templated":true}]}}

<p>Schöner Glashalter für Wachskerzen oder natürlich für Perlenkerzen! Ideal, um Ihre Perlenkerzen darin zu gießen! Auch in bernsteinfarben und transparent erhältlich.</p>
<p>Abmessungen: 8,5 x 8 cm<br />
auch in anderen Größen erhältlich!</p>
